4. What is l(6)?
-12
Let j(d) = -5*d**3 + 740*d**2 - d + 135. What is j(148)?
-13
Let c(q) = -15*q**2 + 54*q - 35. Calculate c(3).
-8
Let m(o) = o**2 - 51*o + 417. What is m(12)?
-51
Let a(k) = 32*k - 15. What is a(-1)?
-47
Let g(t) = 6*t**2 - 6*t - 61. Determine g(-4).
59
Let y(m) = -53*m + 292. Calculate y(5).
27
Let l(k) = -7*k**2 + 428*k - 47. Give l(61).
14
Let d(b) = 4*b**2 - 429*b + 203. Give d(107).
96
Let s(i) = 9*i**2 + 38*i + 10. Calculate s(0).
10
Let n(o) = 5*o**3 + 16*o**2 + 11*o + 20. What is n(-3)?
-4
Let b(o) = -o**3 + 5*o**2 + 18*o - 57. What is b(6)?
15
Let g(o) = 2*o**2 + 20*o - 58. Determine g(-8).
-90
Let k(f) = 2*f**2 - 7*f - 17. What is k(9)?
82
Let j(s) = -2*s**3 - 14*s**2 + 6*s + 55. What is j(-7)?
13
Let d(c) = -c**2 + 277*c - 1885. What is d(7)?
5
Let j(q) = -q**3 - 23*q**2 - 212*q - 3587. Give j(-21).
-17
Let b(v) = 72*v - 2180. Determine b(34).
268
Let d(x) = -9*x**3 - 163*x**2 - 22*x - 74. Calculate d(-18).
-2
Let d(l) = -431*l + 2571. Give d(6).
-15
Let n(j) = -2*j - 67. Determine n(-12).
-43
Let i(m) = m**2 - 820*m - 1642. What is i(-2)?
2
Let s(x) = -14*x**2 + 112*x + 120. Determine s(9).
-6
Let m(j) = 40*j + 2000. Calculate m(-50).
0
Let t(w) = 982*w + 31421. Calculate t(-32).
-3
Let g(k) = 18587*k - 92950. What is g(5)?
-15
Let o(l) = l**3 + 10*l**2 + 7*l + 35. Calculate o(-6).
137
Let g(f) = -4*f**2 - 132*f - 127. What is g(-32)?
1
Let r(y) = 5*y**3 + 157*y**2 - 104*y - 256. What is r(-32)?
0
Let w(s) = 3*s**3 + 7*s**2 - s + 5. What is w(-3)?
-10
Let u(q) = q**2 + 2187*q + 32588. What is u(-15)?
8
Let g(a) = -a**3 - 21*a**2 + 13*a + 49. Determine g(-22).
247
Let y(d) = 59*d + 269. Determine y(-5).
-26
Let d(z) = -2*z**3 + 12*z**2 - 33*z + 86. Determine d(3).
41
Let q(o) = -o**3 - 24*o**2 - 78*o + 18. What is q(-20)?
-22
Let b(n) = n**2 - 40*n - 684. What is b(53)?
5
Let d(v) = -v - 128. Calculate d(-36).
-92
Let o(c) = -49*c - 343. Determine o(-7).
0
Let n(c) = c**3 - 24*c**2 + 126*c + 34. What is n(16)?
2
Let b(s) = -838*s + 3614. What is b(4)?
262
Let d(k) = -208*k - 2083. Determine d(-10).
-3
Let t(i) = -i**3 - 106*i**2 - 7*i - 611. Give t(-106).
131
Let h(m) = m**2 + 154*m + 5726. Give h(-62).
22
Let p(r) = -32*r**2 + 265*r - 69. Determine p(8).
3
Let c(j) = 5*j**3 + 44*j**2 + 35*j - 5. Calculate c(-7).
191
Let a(h) = h**2 - 32*h + 309. Determine a(21).
78
Let p(w) = 183*w - 2192. Give p(12).
4
Let z(h) = -h**3 + 29*h**2 - 10*h + 286. What is z(29)?
-4
Let s(c) = 3*c**2 + 124*c + 244. What is s(-2)?
8
Let p(i) = -10*i + 69. What is p(9)?
-21
Let k(r) = -126*r - 7086. Calculate k(-56).
-30
Let c(k) = -3*k**2 + 101*k + 28. Give c(35).
-112
Let a(o) = 2*o**3 - 3*o**2 - o - 4. Calculate a(2).
-2
Let z(t) = 121*t + 1926. Determine z(-16).
-10
Let n(z) = 569*z + 583. Give n(-1).
14
Let u(w) = 9*w**2 - 952*w + 2846. Give u(3).
71
Let t(k) = -48*k - 179. Calculate t(-8).
205
Let y(k) = 211*k**3 - k - 1. Determine y(1).
209
Let b(t) = 3*t**2 + 46*t - 77. What is b(-17)?
8
Let d(a) = a**3 - 14*a**2 + 55*a - 115. Give d(10).
35
Let v(x) = -3*x**2 - 44*x - 15. Calculate v(-14).
13
Let c(v) = v**3 + 11*v**2 + 8*v + 27. Give c(-12).
-213
Let l(x) = x**3 - 50*x**2 + 393*x + 60. Calculate l(10).
-10
Let q(g) = -1390*g + 37537. Calculate q(27).
7
Let x(o) = -8*o - 327. Give x(-23).
-143
Let x(s) = -s**3 + 15*s**2 - 32*s + 577. Calculate x(15).
97
Let u(h) = -h**3 + 32*h**2 + 108*h - 26. Determine u(35).
79
Let d(o) = 12*o - 126. What is d(7)?
-42
Let k(h) = -15*h**2 + 138*h - 785. Determine k(6).
-497
Let z(r) = -r**3 + 12*r**2 - 41*r + 24. Determine z(8).
-48
Let v(l) = -31*l - 1444. What is v(-33)?
-421
Let g(t) = -t**2 - 118*t + 710. Calculate g(6).
-34
Let b(q) = 156*q - 9989. What is b(64)?
-5
Let c(h) = 6*h**3 - 28*h**2 - 14*h + 22. What is c(5)?
2
Let t(j) = -j**3 + 26*j**2 + 5*j + 559. Calculate t(27).
-35
Let s(g) = g**2 + 64*g + 399. What is s(-9)?
-96
Let x(d) = d**2 + 110*d + 2675. Calculate x(-75).
50
Let q(g) = -8859*g + 8859. Determine q(1).
0
Let f(n) = 276*n + 4150. What is f(-15)?
10
Let d(s) = -s**3 + 45*s**2 - 49*s + 233. Calculate d(44).
13
Let w(l) = -34*l + 276. Calculate w(8).
4
Let y(m) = 244*m + 3823. Calculate y(-19).
-813
Let x(j) = 3*j**3 + 6*j**2 - 32*j - 4. Give x(7).
1095
Let b(x) = 4*x**2 + 129*x + 131. Determine b(-31).
-24
Let u(d) = 334*d - 996. Calculate u(3).
6
Let s(g) = g**3 - 161*g**2 + 462*g + 17. Determine s(3).
-19
Let i(s) = -14*s**2 - 1936*s - 5694. What is i(-3)?
-12
Let j(p) = 118*p**2 + 685*p + 8. What is j(-6)?
146
Let h(c) = -c**3 + 7*c**2 + 78*c - 10. Determine h(-6).
-10
Let h(o) = -31*o**2 + 3*o - 5. Determine h(2).
-123
Let l(p) = 219*p + 216. Determine l(-1).
-3
Let t(l) = -4*l**3 - 76*l**2 + 3*l + 55. What is t(-19)?
-2
Let t(f) = -13*f - 144. What is t(-13)?
25
Let n(h) = h**2 - 1990*h + 5954. Give n(3).
-7
Let j(m) = -2*m**3 + 17*m**2 + 2*m + 152. Give j(10).
-128
Let r(s) = 4*s**2 + 318*s + 1043. What is r(-76)?
-21
Let c(n) = n**3 - 144*n**2 - 32*n + 4576. Calculate c(144).
-32
Let a(s) = -s**2 + 96*s - 1154. Calculate a(82).
-6
Let m(v) = -v**3 + 59*v**2 + 7501*v - 65. Calculate m(-62).
-3
Let r(g) = -15*g**2 - 646*g + 28. Give r(-43).
71
Let v(f) = f**2 + 801*f + 6349. Give v(-8).
5
Let y(g) = g**2 + 17*g + 2. Give y(-8).
-70
Let r(w) = w**2 - 88*w - 95. What is r(89)?
-6
Let s(z) = 30*z - 31. Give s(7).
179
Let z(x) = 236*x**2 + 13203*x - 733. What is z(-56)?
-5
Let p(w) = 2*w**2 + 31*w + 142. What is p(-7)?
23
Let f(o) = -885*o - 876. What is f(-1)?
9
Let l(p) = 4*p**2 - 37*p + 11. What is l(12)?
143
Let z(m) = 3*m**3 - 7*m**2 + 14*m - 3. Calculate z(2).
21
Let p(w) = 11*w**2 - 16*w - 13. Determine p(-5).
342
Let l(o) = 61*o**3 + 2*o**2 + 3*o. Give l(-1).
-62
Let d(q) = 8*q**2 + 570*q - 1020. Calculate d(-73).
2
Let q(v) = v**3 + 5*v**2 + 450*v + 1337. Determine q(-3).
5
Let c(k) = 27*k + 2735. What is c(-100)?
35
Let r(a) = 11*a**2 - 167*a - 22. What is r(16)?
122
Let r(v) = 157*v - 24. Calculate r(2).
290
Let g(a) = a**2 + 9*a - 331. What is g(14)?
-9
Let f(q) = 6*q**2 - 41*q + 175. Calculate f(4).
107
Let n(t) = -5*t**2 + 10*t + 7. What is n(-2)?
-33
Let w(x) = -3*x**2 + 43*x + 209. Calculate w(18).
11
Let y(n) = 6*n**2 + 470*n - 2476. Give y(5).
24
Let y(d) = -370*d - 697. Determine y(-2).
43
Let u(k) = 6*k**2 + 14*k + 24. What is u(-2)?
20
Let l(o) = -o**3 + 11*o**2 + 11*o - 129. Determine l(11).
-8
Let y(g) = g**3 - 18*g**2 - 40*g + 8. Calculate y(20).
8
Let n(t) = 4*t**2 + 175*t + 183. Determine n(-44).
227
Let i(d) = -2*d**2 - 29*d - 93. What is i(-8)?
11
Let r(p) = 2*p**2 + 21*p + 75. Determine r(0).
75
Let y(k) = 5*k**3 - 13*k**2 + 4*k - 6. What is y(5)?
314
Let x(n) = -n**3 + 111*n**2 - 1887*n - 7. Determine x(21).
56
Let t(v) = 442*v - 76917. What is t(174)?
-9
Let x(o) = -o**3 + 6*o**2 + 4*o + 19. Give x(5).
64
Let y(a) = -32*a**3 + a**2 - 4*a + 2. What is y(1)?
-33
Let b(d) = -2*d**3 + 35*d**2 - 20*d - 11. Give b(17).
-62
Let y(h) = h**3 + 23*h**2 + 77*h - 17. What is y(-19)?
-36
Let o(j) = -j**2 + 5*j - 29. Calculate o(6).
-35
Let m(g) = -27*g + 980. Determine m(36).
8
Let x(m) = -17*m - 132. What is x(-8)?
4
Let m(x) = -2*x**2 - 58*x - 65. Calculate m(-16).
351
Let b(u) = 3*u**2 + 116*u + 97. Give b(-38).
21
Let l(d) = 10*d**2 - 34*d - 4. Give l(5).
76
Let w(d) = -d**2 - 29*d - 248. Determine w(-14).
-38
Let h(k) = 3*k + 64. What is h(22)?
130
Let h(p) = -33*p**2 + 739*p - 290. What is h(22)?
-4
Let t(i) = 309*i - 1197. Determine t(4).
39
Let v(h) = 11*h**2 - 280*h - 1894. Calculate v(31).
-3
Let a(h) = h**2 - 36*h + 221. Calculate a(12).
-67
Let f(p) = -4*p**3 - 33*p**2 - 25*p + 14. Give f(-7).
-56
Let p(k) = k**3 - 10*k**2 + 18*k - 29. Calculate p(12).
475
Let a(i) = 62*i**2 + 3*i - 21. What is a(3)?
546
Let n(o) = -250*o + 749. Determine n(3).
-1
Let k(q) = -7*q**3 - 101*q**2 + 69*q + 173. What is k(-15)?
38
Let y(m) = 11*m + 978. Determine y(-89).
-1
Let u(k) = k**2 - 111*k - 2933. Determine u(133).
-7
Let k(s) = -1319*s - 27699. Give k(-21).
0
Let p(k) = 2*k**2 + 10*k - 245. Determine p(0).
-245
Let q(t) = -t**3 - 30*t**2 - 31*t - 193. Calculate q(-29).
-135
Let f(q) = -q**3 + 29*q**2 + 32*q + 54. What is f(30)?
114
Let b(w) = 283*w + 41. Determine b(-1).
-242
Let i(q) = -q**3 - 10*q**2 - 64*q - 649. What is i(-10)?
-9
Let z(i) = 